{"id":5974,"date":"2024-08-07T15:11:10","date_gmt":"2024-08-07T13:11:10","guid":{"rendered":"https:\/\/www.bernadettemauro.fr\/sculptrice\/?page_id=5974"},"modified":"2024-08-07T16:43:22","modified_gmt":"2024-08-07T14:43:22","slug":"le-raku","status":"publish","type":"page","link":"https:\/\/www.bernadettemauro.fr\/sculptrice\/le-raku\/","title":{"rendered":"Le raku"},"content":{"rendered":"\n<figure class=\"wp-block-gallery has-nested-images columns-default wp-block-gallery-1 is-layout-flex wp-block-gallery-is-layout-flex\">\n<figure class=\"wp-block-image size-full\"><a href=\"https:\/\/www.bernadettemauro.fr\/sculptrice\/wp-content\/uploads\/2024\/08\/raku-Cleia-\u00a9-Bernadette-Mauro.jpg\" target=\"_blank\" rel=\"noopener\"><img loading=\"lazy\" decoding=\"async\" width=\"1920\" height=\"1080\" data-id=\"6002\" src=\"https:\/\/www.bernadettemauro.fr\/sculptrice\/wp-content\/uploads\/2024\/08\/raku-Cleia-\u00a9-Bernadette-Mauro.jpg\" alt=\"raku Cleia \u00a9 Bernadette Mauro\" class=\"wp-image-6002\" srcset=\"https:\/\/www.bernadettemauro.fr\/sculptrice\/wp-content\/uploads\/2024\/08\/raku-Cleia-\u00a9-Bernadette-Mauro.jpg 1920w, https:\/\/www.bernadettemauro.fr\/sculptrice\/wp-content\/uploads\/2024\/08\/raku-Cleia-\u00a9-Bernadette-Mauro-300x169.jpg 300w, https:\/\/www.bernadettemauro.fr\/sculptrice\/wp-content\/uploads\/2024\/08\/raku-Cleia-\u00a9-Bernadette-Mauro-1024x576.jpg 1024w, https:\/\/www.bernadettemauro.fr\/sculptrice\/wp-content\/uploads\/2024\/08\/raku-Cleia-\u00a9-Bernadette-Mauro-768x432.jpg 768w, https:\/\/www.bernadettemauro.fr\/sculptrice\/wp-content\/uploads\/2024\/08\/raku-Cleia-\u00a9-Bernadette-Mauro-1536x864.jpg 1536w\" sizes=\"auto, (max-width: 1920px) 100vw, 1920px\" \/><\/a><figcaption class=\"wp-element-caption\">Cl\u00e9ia<\/figcaption><\/figure>\n<\/figure>\n\n\n\n<p class=\"has-text-align-center\"><strong>Le RAKU, qu\u2019est-ce que c\u2019est&nbsp;?<\/strong><\/p>\n\n\n\n<p>C\u2019est une technique d\u2019\u00e9maillage bas\u00e9e sur deux principes : un choc thermique et un enfumage. Il est apparu au Japon au XVIe si\u00e8cle, con\u00e7u \u00e0 l\u2019origine pour des bols tr\u00e8s simples, pouvant r\u00e9sister \u00e0 un choc thermique, il est li\u00e9 \u00e0 la c\u00e9r\u00e9monie du th\u00e9. Au XXe si\u00e8cle, les occidentaux ont ajout\u00e9 l\u2019enfumage.<br><br>La pi\u00e8ce en terre blanche doit \u00eatre d\u00e9j\u00e0 cuite une premi\u00e8re fois, c\u2019est le biscuit. Elle est partiellement ou enti\u00e8rement couverte d\u2019une couche d\u2019\u00e9mail liquide color\u00e9 ou pas. Elle est chauff\u00e9e jusqu\u2019\u00e0 environ 1000 \u00b0C, en \u00e0 peu pr\u00e8s une heure, dans un four \u00e0 gaz en ext\u00e9rieur. Le four est ouvert sans attendre et la pi\u00e8ce est sortie imm\u00e9diatement, ce qui provoque un choc thermique. C&rsquo;est \u00e0 ce moment que l&rsquo;\u00e9mail se fendille.<\/p>\n\n\n\n<figure class=\"wp-block-gallery has-nested-images columns-2 is-cropped wp-block-gallery-2 is-layout-flex wp-block-gallery-is-layout-flex\">\n<figure class=\"wp-block-image size-full\"><img loading=\"lazy\" decoding=\"async\" width=\"900\" height=\"900\" data-id=\"6006\" src=\"https:\/\/www.bernadettemauro.fr\/sculptrice\/wp-content\/uploads\/2024\/08\/raku-four-\u00a9-Bernadette-Mauro.jpg\" alt=\"raku four \u00a9 Bernadette Mauro\" class=\"wp-image-6006\" srcset=\"https:\/\/www.bernadettemauro.fr\/sculptrice\/wp-content\/uploads\/2024\/08\/raku-four-\u00a9-Bernadette-Mauro.jpg 900w, https:\/\/www.bernadettemauro.fr\/sculptrice\/wp-content\/uploads\/2024\/08\/raku-four-\u00a9-Bernadette-Mauro-300x300.jpg 300w, https:\/\/www.bernadettemauro.fr\/sculptrice\/wp-content\/uploads\/2024\/08\/raku-four-\u00a9-Bernadette-Mauro-150x150.jpg 150w, https:\/\/www.bernadettemauro.fr\/sculptrice\/wp-content\/uploads\/2024\/08\/raku-four-\u00a9-Bernadette-Mauro-768x768.jpg 768w, https:\/\/www.bernadettemauro.fr\/sculptrice\/wp-content\/uploads\/2024\/08\/raku-four-\u00a9-Bernadette-Mauro-640x640.jpg 640w, https:\/\/www.bernadettemauro.fr\/sculptrice\/wp-content\/uploads\/2024\/08\/raku-four-\u00a9-Bernadette-Mauro-50x50.jpg 50w\" sizes=\"auto, (max-width: 900px) 100vw, 900px\" \/><figcaption class=\"wp-element-caption\">Le four<\/figcaption><\/figure>\n\n\n\n<figure class=\"wp-block-image size-full\"><img loading=\"lazy\" decoding=\"async\" width=\"900\" height=\"900\" data-id=\"6004\" src=\"https:\/\/www.bernadettemauro.fr\/sculptrice\/wp-content\/uploads\/2024\/08\/raku-enfournement-\u00a9-Bernadette-Mauro.jpg\" alt=\"raku enfournement \u00a9 Bernadette Mauro\" class=\"wp-image-6004\" srcset=\"https:\/\/www.bernadettemauro.fr\/sculptrice\/wp-content\/uploads\/2024\/08\/raku-enfournement-\u00a9-Bernadette-Mauro.jpg 900w, https:\/\/www.bernadettemauro.fr\/sculptrice\/wp-content\/uploads\/2024\/08\/raku-enfournement-\u00a9-Bernadette-Mauro-300x300.jpg 300w, https:\/\/www.bernadettemauro.fr\/sculptrice\/wp-content\/uploads\/2024\/08\/raku-enfournement-\u00a9-Bernadette-Mauro-150x150.jpg 150w, https:\/\/www.bernadettemauro.fr\/sculptrice\/wp-content\/uploads\/2024\/08\/raku-enfournement-\u00a9-Bernadette-Mauro-768x768.jpg 768w, https:\/\/www.bernadettemauro.fr\/sculptrice\/wp-content\/uploads\/2024\/08\/raku-enfournement-\u00a9-Bernadette-Mauro-640x640.jpg 640w, https:\/\/www.bernadettemauro.fr\/sculptrice\/wp-content\/uploads\/2024\/08\/raku-enfournement-\u00a9-Bernadette-Mauro-50x50.jpg 50w\" sizes=\"auto, (max-width: 900px) 100vw, 900px\" \/><figcaption class=\"wp-element-caption\">Enfournement<\/figcaption><\/figure>\n\n\n\n<figure class=\"wp-block-image size-full\"><img loading=\"lazy\" decoding=\"async\" width=\"900\" height=\"900\" data-id=\"6007\" src=\"https:\/\/www.bernadettemauro.fr\/sculptrice\/wp-content\/uploads\/2024\/08\/raku-ouverture-\u00a9-Bernadette-Mauro.jpg\" alt=\"raku ouverture \u00a9 Bernadette Mauro\" class=\"wp-image-6007\" srcset=\"https:\/\/www.bernadettemauro.fr\/sculptrice\/wp-content\/uploads\/2024\/08\/raku-ouverture-\u00a9-Bernadette-Mauro.jpg 900w, https:\/\/www.bernadettemauro.fr\/sculptrice\/wp-content\/uploads\/2024\/08\/raku-ouverture-\u00a9-Bernadette-Mauro-300x300.jpg 300w, https:\/\/www.bernadettemauro.fr\/sculptrice\/wp-content\/uploads\/2024\/08\/raku-ouverture-\u00a9-Bernadette-Mauro-150x150.jpg 150w, https:\/\/www.bernadettemauro.fr\/sculptrice\/wp-content\/uploads\/2024\/08\/raku-ouverture-\u00a9-Bernadette-Mauro-768x768.jpg 768w, https:\/\/www.bernadettemauro.fr\/sculptrice\/wp-content\/uploads\/2024\/08\/raku-ouverture-\u00a9-Bernadette-Mauro-640x640.jpg 640w, https:\/\/www.bernadettemauro.fr\/sculptrice\/wp-content\/uploads\/2024\/08\/raku-ouverture-\u00a9-Bernadette-Mauro-50x50.jpg 50w\" sizes=\"auto, (max-width: 900px) 100vw, 900px\" \/><figcaption class=\"wp-element-caption\">Cuisson<\/figcaption><\/figure>\n\n\n\n<figure class=\"wp-block-image size-full\"><img loading=\"lazy\" decoding=\"async\" width=\"900\" height=\"900\" data-id=\"6010\" src=\"https:\/\/www.bernadettemauro.fr\/sculptrice\/wp-content\/uploads\/2024\/08\/raku-sortie-\u00a9-Bernadette-Mauro.jpg\" alt=\"raku sortie \u00a9 Bernadette Mauro\" class=\"wp-image-6010\" srcset=\"https:\/\/www.bernadettemauro.fr\/sculptrice\/wp-content\/uploads\/2024\/08\/raku-sortie-\u00a9-Bernadette-Mauro.jpg 900w, https:\/\/www.bernadettemauro.fr\/sculptrice\/wp-content\/uploads\/2024\/08\/raku-sortie-\u00a9-Bernadette-Mauro-300x300.jpg 300w, https:\/\/www.bernadettemauro.fr\/sculptrice\/wp-content\/uploads\/2024\/08\/raku-sortie-\u00a9-Bernadette-Mauro-150x150.jpg 150w, https:\/\/www.bernadettemauro.fr\/sculptrice\/wp-content\/uploads\/2024\/08\/raku-sortie-\u00a9-Bernadette-Mauro-768x768.jpg 768w, https:\/\/www.bernadettemauro.fr\/sculptrice\/wp-content\/uploads\/2024\/08\/raku-sortie-\u00a9-Bernadette-Mauro-640x640.jpg 640w, https:\/\/www.bernadettemauro.fr\/sculptrice\/wp-content\/uploads\/2024\/08\/raku-sortie-\u00a9-Bernadette-Mauro-50x50.jpg 50w\" sizes=\"auto, (max-width: 900px) 100vw, 900px\" \/><figcaption class=\"wp-element-caption\">Sortie des pi\u00e8ces<\/figcaption><\/figure>\n<\/figure>\n\n\n\n<p><span style=\"font-size: inherit;\">La pi\u00e8ce est ensuite plac\u00e9e dans un r\u00e9cipient, contenant de la sciure de bois qui s\u2019enflamme, et que l\u2019on ferme herm\u00e9tiquement. Le carbone d\u00e9gag\u00e9 par la combustion ne peut s&rsquo;\u00e9chapper et se fixe sur toutes les zones de l&rsquo;objet qui ne sont pas prot\u00e9g\u00e9es par l&rsquo;\u00e9mail.<\/span> Le proc\u00e9d\u00e9 provoque des craquelures et des taches dans l\u2019\u00e9mail. Celles-ci se colorent en noir, ainsi que toutes les parties de la terre qui ne sont pas prot\u00e9g\u00e9es par l\u2019\u00e9mail.<\/p>\n\n\n\n<figure class=\"wp-block-gallery has-nested-images columns-2 is-cropped wp-block-gallery-3 is-layout-flex wp-block-gallery-is-layout-flex\">\n<figure class=\"wp-block-image size-full\"><img loading=\"lazy\" decoding=\"async\" width=\"900\" height=\"900\" data-id=\"6009\" src=\"https:\/\/www.bernadettemauro.fr\/sculptrice\/wp-content\/uploads\/2024\/08\/raku-sciure-\u00a9-Bernadette-Mauro.jpg\" alt=\"raku sciure \u00a9 Bernadette Mauro\" class=\"wp-image-6009\" srcset=\"https:\/\/www.bernadettemauro.fr\/sculptrice\/wp-content\/uploads\/2024\/08\/raku-sciure-\u00a9-Bernadette-Mauro.jpg 900w, https:\/\/www.bernadettemauro.fr\/sculptrice\/wp-content\/uploads\/2024\/08\/raku-sciure-\u00a9-Bernadette-Mauro-300x300.jpg 300w, https:\/\/www.bernadettemauro.fr\/sculptrice\/wp-content\/uploads\/2024\/08\/raku-sciure-\u00a9-Bernadette-Mauro-150x150.jpg 150w, https:\/\/www.bernadettemauro.fr\/sculptrice\/wp-content\/uploads\/2024\/08\/raku-sciure-\u00a9-Bernadette-Mauro-768x768.jpg 768w, https:\/\/www.bernadettemauro.fr\/sculptrice\/wp-content\/uploads\/2024\/08\/raku-sciure-\u00a9-Bernadette-Mauro-640x640.jpg 640w, https:\/\/www.bernadettemauro.fr\/sculptrice\/wp-content\/uploads\/2024\/08\/raku-sciure-\u00a9-Bernadette-Mauro-50x50.jpg 50w\" sizes=\"auto, (max-width: 900px) 100vw, 900px\" \/><figcaption class=\"wp-element-caption\">Sciure de bois<\/figcaption><\/figure>\n\n\n\n<figure class=\"wp-block-image size-full\"><img loading=\"lazy\" decoding=\"async\" width=\"900\" height=\"900\" data-id=\"6005\" src=\"https:\/\/www.bernadettemauro.fr\/sculptrice\/wp-content\/uploads\/2024\/08\/raku-enfumage-\u00a9-Bernadette-Mauro.jpg\" alt=\"raku enfumage \u00a9 Bernadette Mauro\" class=\"wp-image-6005\" srcset=\"https:\/\/www.bernadettemauro.fr\/sculptrice\/wp-content\/uploads\/2024\/08\/raku-enfumage-\u00a9-Bernadette-Mauro.jpg 900w, https:\/\/www.bernadettemauro.fr\/sculptrice\/wp-content\/uploads\/2024\/08\/raku-enfumage-\u00a9-Bernadette-Mauro-300x300.jpg 300w, https:\/\/www.bernadettemauro.fr\/sculptrice\/wp-content\/uploads\/2024\/08\/raku-enfumage-\u00a9-Bernadette-Mauro-150x150.jpg 150w, https:\/\/www.bernadettemauro.fr\/sculptrice\/wp-content\/uploads\/2024\/08\/raku-enfumage-\u00a9-Bernadette-Mauro-768x768.jpg 768w, https:\/\/www.bernadettemauro.fr\/sculptrice\/wp-content\/uploads\/2024\/08\/raku-enfumage-\u00a9-Bernadette-Mauro-640x640.jpg 640w, https:\/\/www.bernadettemauro.fr\/sculptrice\/wp-content\/uploads\/2024\/08\/raku-enfumage-\u00a9-Bernadette-Mauro-50x50.jpg 50w\" sizes=\"auto, (max-width: 900px) 100vw, 900px\" \/><figcaption class=\"wp-element-caption\">Enfumage<\/figcaption><\/figure>\n\n\n\n<figure class=\"wp-block-image size-full\"><img loading=\"lazy\" decoding=\"async\" width=\"900\" height=\"900\" data-id=\"6003\" src=\"https:\/\/www.bernadettemauro.fr\/sculptrice\/wp-content\/uploads\/2024\/08\/raku-combustion-\u00a9-Bernadette-Mauro.jpg\" alt=\"raku combustion \u00a9 Bernadette Mauro\" class=\"wp-image-6003\" srcset=\"https:\/\/www.bernadettemauro.fr\/sculptrice\/wp-content\/uploads\/2024\/08\/raku-combustion-\u00a9-Bernadette-Mauro.jpg 900w, https:\/\/www.bernadettemauro.fr\/sculptrice\/wp-content\/uploads\/2024\/08\/raku-combustion-\u00a9-Bernadette-Mauro-300x300.jpg 300w, https:\/\/www.bernadettemauro.fr\/sculptrice\/wp-content\/uploads\/2024\/08\/raku-combustion-\u00a9-Bernadette-Mauro-150x150.jpg 150w, https:\/\/www.bernadettemauro.fr\/sculptrice\/wp-content\/uploads\/2024\/08\/raku-combustion-\u00a9-Bernadette-Mauro-768x768.jpg 768w, https:\/\/www.bernadettemauro.fr\/sculptrice\/wp-content\/uploads\/2024\/08\/raku-combustion-\u00a9-Bernadette-Mauro-640x640.jpg 640w, https:\/\/www.bernadettemauro.fr\/sculptrice\/wp-content\/uploads\/2024\/08\/raku-combustion-\u00a9-Bernadette-Mauro-50x50.jpg 50w\" sizes=\"auto, (max-width: 900px) 100vw, 900px\" \/><figcaption class=\"wp-element-caption\">Combustion<\/figcaption><\/figure>\n\n\n\n<figure class=\"wp-block-image size-full\"><img loading=\"lazy\" decoding=\"async\" width=\"900\" height=\"900\" data-id=\"6008\" src=\"https:\/\/www.bernadettemauro.fr\/sculptrice\/wp-content\/uploads\/2024\/08\/raku-protection-\u00a9-Bernadette-Mauro.jpg\" alt=\"raku protection \u00a9 Bernadette Mauro\" class=\"wp-image-6008\" srcset=\"https:\/\/www.bernadettemauro.fr\/sculptrice\/wp-content\/uploads\/2024\/08\/raku-protection-\u00a9-Bernadette-Mauro.jpg 900w, https:\/\/www.bernadettemauro.fr\/sculptrice\/wp-content\/uploads\/2024\/08\/raku-protection-\u00a9-Bernadette-Mauro-300x300.jpg 300w, https:\/\/www.bernadettemauro.fr\/sculptrice\/wp-content\/uploads\/2024\/08\/raku-protection-\u00a9-Bernadette-Mauro-150x150.jpg 150w, https:\/\/www.bernadettemauro.fr\/sculptrice\/wp-content\/uploads\/2024\/08\/raku-protection-\u00a9-Bernadette-Mauro-768x768.jpg 768w, https:\/\/www.bernadettemauro.fr\/sculptrice\/wp-content\/uploads\/2024\/08\/raku-protection-\u00a9-Bernadette-Mauro-640x640.jpg 640w, https:\/\/www.bernadettemauro.fr\/sculptrice\/wp-content\/uploads\/2024\/08\/raku-protection-\u00a9-Bernadette-Mauro-50x50.jpg 50w\" sizes=\"auto, (max-width: 900px) 100vw, 900px\" \/><figcaption class=\"wp-element-caption\">Sans oublier une bonne protection !<\/figcaption><\/figure>\n<\/figure>\n","protected":false},"excerpt":{"rendered":"<p>Le RAKU, qu\u2019est-ce que c\u2019est&nbsp;? C\u2019est une technique d\u2019\u00e9maillage bas\u00e9e sur deux principes : un choc thermique et un enfumage. Il est apparu au Japon au XVIe si\u00e8cle, con\u00e7u \u00e0<\/p>\n<p class=\"more-link\"><a href=\"https:\/\/www.bernadettemauro.fr\/sculptrice\/le-raku\/\" class=\"readmore\">Lire la suite &#8230;<span class=\"screen-reader-text\">Le raku<\/span><\/a><\/p>\n","protected":false},"author":1,"featured_media":5871,"parent":0,"menu_order":0,"comment_status":"closed","ping_status":"closed","template":"templates\/right-sidebar.php","meta":{"footnotes":""},"class_list":["post-5974","page","type-page","status-publish","has-post-thumbnail","hentry"],"_links":{"self":[{"href":"https:\/\/www.bernadettemauro.fr\/sculptrice\/wp-json\/wp\/v2\/pages\/5974","targetHints":{"allow":["GET"]}}],"collection":[{"href":"https:\/\/www.bernadettemauro.fr\/sculptrice\/wp-json\/wp\/v2\/pages"}],"about":[{"href":"https:\/\/www.bernadettemauro.fr\/sculptrice\/wp-json\/wp\/v2\/types\/page"}],"author":[{"embeddable":true,"href":"https:\/\/www.bernadettemauro.fr\/sculptrice\/wp-json\/wp\/v2\/users\/1"}],"replies":[{"embeddable":true,"href":"https:\/\/www.bernadettemauro.fr\/sculptrice\/wp-json\/wp\/v2\/comments?post=5974"}],"version-history":[{"count":6,"href":"https:\/\/www.bernadettemauro.fr\/sculptrice\/wp-json\/wp\/v2\/pages\/5974\/revisions"}],"predecessor-version":[{"id":6017,"href":"https:\/\/www.bernadettemauro.fr\/sculptrice\/wp-json\/wp\/v2\/pages\/5974\/revisions\/6017"}],"wp:featuredmedia":[{"embeddable":true,"href":"https:\/\/www.bernadettemauro.fr\/sculptrice\/wp-json\/wp\/v2\/media\/5871"}],"wp:attachment":[{"href":"https:\/\/www.bernadettemauro.fr\/sculptrice\/wp-json\/wp\/v2\/media?parent=5974"}],"curies":[{"name":"wp","href":"https:\/\/api.w.org\/{rel}","templated":true}]}}